{"id":487,"date":"2026-03-12T11:14:33","date_gmt":"2026-03-12T10:14:33","guid":{"rendered":"https:\/\/francoisejouneau.fr\/?page_id=487"},"modified":"2026-03-31T13:09:31","modified_gmt":"2026-03-31T12:09:31","slug":"mentions-legales","status":"publish","type":"page","link":"https:\/\/francoisejouneau.fr\/index.php\/mentions-legales\/","title":{"rendered":"Mentions l\u00e9gales"},"content":{"rendered":"\n<ol class=\"wp-block-list\">\n<li>\u00c9diteur du site<br>Nom : Fran\u00e7oise Jouneau<br>Activit\u00e9 : Praticienne en r\u00e9flexologie et accompagnement avec les fleurs de Bach<\/li>\n<\/ol>\n\n\n\n<p>Statut juridique : Micro Entreprise<br>SIREN \/ SIRET : 101 767 002 00021<\/p>\n\n\n\n<p>Adresse  :<br>324 Impasse du Tucaou 33 760 Saint Pierre de Bat<\/p>\n\n\n\n<p>T\u00e9l\u00e9phone : 06 13 94 12 38<br>Email : contact@francoisejouneau.fr<\/p>\n\n\n\n<p>Directeur de la publication :<br>Fran\u00e7oise Jouneau<\/p>\n\n\n\n<ol start=\"2\" class=\"wp-block-list\">\n<li>H\u00e9bergement du site<br>Nom de l\u2019h\u00e9bergeur : OVH Cloud<br>Adresse : 2 rue kellerman BP 80157 59 053 ROUBAIX CEDEX 1 FRANCE<br>T\u00e9l\u00e9phone : \/<\/li>\n\n\n\n<li>Propri\u00e9t\u00e9 intellectuelle<br>L\u2019ensemble du contenu pr\u00e9sent sur le site (textes, images, photographies, illustrations, logo, charte graphique, contenus t\u00e9l\u00e9chargeables, etc.) est prot\u00e9g\u00e9 par le Code de la propri\u00e9t\u00e9 intellectuelle.<\/li>\n<\/ol>\n\n\n\n<p>Toute reproduction ou utilisation sans autorisation \u00e9crite pr\u00e9alable est interdite.<\/p>\n\n\n\n<ol start=\"4\" class=\"wp-block-list\">\n<li>Responsabilit\u00e9<br>Les informations pr\u00e9sentes sur ce site sont fournies \u00e0 titre informatif.<\/li>\n<\/ol>\n\n\n\n<p>Les pratiques propos\u00e9es (r\u00e9flexologie et fleurs de Bach) s\u2019inscrivent dans une d\u00e9marche de bien\u2011\u00eatre et de relaxation.<br>Elles ne se substituent en aucun cas \u00e0 un diagnostic m\u00e9dical, \u00e0 un traitement m\u00e9dical ou \u00e0 un suivi par un professionnel de sant\u00e9.<\/p>\n\n\n\n<ol start=\"5\" class=\"wp-block-list\">\n<li>Donn\u00e9es personnelles<br>Conform\u00e9ment au RGPD, vous disposez d\u2019un droit d\u2019acc\u00e8s, de rectification, d\u2019opposition et de suppression des donn\u00e9es vous concernant.<\/li>\n<\/ol>\n\n\n\n<p>Pour exercer ces droits : contact@francoisejouneau.fr<\/p>\n","protected":false},"excerpt":{"rendered":"<p>Statut juridique : Micro EntrepriseSIREN \/ SIRET : 101 767 002 00021 Adresse :324 Impasse du Tucaou 33 760 Saint Pierre de Bat T\u00e9l\u00e9phone : &hellip; <\/p>\n","protected":false},"author":2,"featured_media":0,"parent":0,"menu_order":0,"comment_status":"closed","ping_status":"closed","template":"","meta":{"footnotes":""},"class_list":["post-487","page","type-page","status-publish","hentry","latest_post"],"yoast_head":"<!-- This site is optimized with the Yoast SEO plugin v27.1.1 - https:\/\/yoast.com\/product\/yoast-seo-wordpress\/ -->\n<title>Mentions l\u00e9gales - Fran\u00e7oise JOUNEAU - R\u00e9flexologie et Fleurs de Bach<\/title>\n<meta name=\"robots\" content=\"index, follow, max-snippet:-1, max-image-preview:large, max-video-preview:-1\" \/>\n<link rel=\"canonical\" href=\"https:\/\/francoisejouneau.fr\/index.php\/mentions-legales\/\" \/>\n<meta property=\"og:locale\" content=\"fr_FR\" \/>\n<meta property=\"og:type\" content=\"article\" \/>\n<meta property=\"og:title\" content=\"Mentions l\u00e9gales - Fran\u00e7oise JOUNEAU - R\u00e9flexologie et Fleurs de Bach\" \/>\n<meta property=\"og:description\" content=\"Statut juridique : Micro EntrepriseSIREN \/ SIRET : 101 767 002 00021 Adresse :324 Impasse du Tucaou 33 760 Saint Pierre de Bat T\u00e9l\u00e9phone : &hellip;\" \/>\n<meta property=\"og:url\" content=\"https:\/\/francoisejouneau.fr\/index.php\/mentions-legales\/\" \/>\n<meta property=\"og:site_name\" content=\"Fran\u00e7oise JOUNEAU - R\u00e9flexologie et Fleurs de Bach\" \/>\n<meta property=\"article:modified_time\" content=\"2026-03-31T12:09:31+00:00\" \/>\n<meta name=\"twitter:card\" content=\"summary_large_image\" \/>\n<meta name=\"twitter:label1\" content=\"Dur\u00e9e de lecture estim\u00e9e\" \/>\n\t<meta name=\"twitter:data1\" content=\"1 minute\" \/>\n<script type=\"application\/ld+json\" class=\"yoast-schema-graph\">{\"@context\":\"https:\/\/schema.org\",\"@graph\":[{\"@type\":\"WebPage\",\"@id\":\"https:\/\/francoisejouneau.fr\/index.php\/mentions-legales\/\",\"url\":\"https:\/\/francoisejouneau.fr\/index.php\/mentions-legales\/\",\"name\":\"Mentions l\u00e9gales - Fran\u00e7oise JOUNEAU - R\u00e9flexologie et Fleurs de Bach\",\"isPartOf\":{\"@id\":\"http:\/\/francoisejouneau.fr\/#website\"},\"datePublished\":\"2026-03-12T10:14:33+00:00\",\"dateModified\":\"2026-03-31T12:09:31+00:00\",\"breadcrumb\":{\"@id\":\"https:\/\/francoisejouneau.fr\/index.php\/mentions-legales\/#breadcrumb\"},\"inLanguage\":\"fr-FR\",\"potentialAction\":[{\"@type\":\"ReadAction\",\"target\":[\"https:\/\/francoisejouneau.fr\/index.php\/mentions-legales\/\"]}]},{\"@type\":\"BreadcrumbList\",\"@id\":\"https:\/\/francoisejouneau.fr\/index.php\/mentions-legales\/#breadcrumb\",\"itemListElement\":[{\"@type\":\"ListItem\",\"position\":1,\"name\":\"Accueil\",\"item\":\"http:\/\/francoisejouneau.fr\/\"},{\"@type\":\"ListItem\",\"position\":2,\"name\":\"Mentions l\u00e9gales\"}]},{\"@type\":\"WebSite\",\"@id\":\"http:\/\/francoisejouneau.fr\/#website\",\"url\":\"http:\/\/francoisejouneau.fr\/\",\"name\":\"Fran\u00e7oise JOUNEAU - R\u00e9flexologie et Fleurs de Bach\",\"description\":\"R\u00e9flexologue en \u00c9nerg\u00e9tique chinoise Fleurs de Bach en Entre-deux-Mers\/Sud Gironde\",\"publisher\":{\"@id\":\"http:\/\/francoisejouneau.fr\/#organization\"},\"potentialAction\":[{\"@type\":\"SearchAction\",\"target\":{\"@type\":\"EntryPoint\",\"urlTemplate\":\"http:\/\/francoisejouneau.fr\/?s={search_term_string}\"},\"query-input\":{\"@type\":\"PropertyValueSpecification\",\"valueRequired\":true,\"valueName\":\"search_term_string\"}}],\"inLanguage\":\"fr-FR\"},{\"@type\":\"Organization\",\"@id\":\"http:\/\/francoisejouneau.fr\/#organization\",\"name\":\"Fran\u00e7oise JOUNEAU - R\u00e9flexologie et Fleurs de Bach\",\"url\":\"http:\/\/francoisejouneau.fr\/\",\"logo\":{\"@type\":\"ImageObject\",\"inLanguage\":\"fr-FR\",\"@id\":\"http:\/\/francoisejouneau.fr\/#\/schema\/logo\/image\/\",\"url\":\"https:\/\/francoisejouneau.fr\/wp-content\/uploads\/2026\/03\/cropped-Logo-dessin-PNG-violet-rond-jaune.png\",\"contentUrl\":\"https:\/\/francoisejouneau.fr\/wp-content\/uploads\/2026\/03\/cropped-Logo-dessin-PNG-violet-rond-jaune.png\",\"width\":404,\"height\":404,\"caption\":\"Fran\u00e7oise JOUNEAU - R\u00e9flexologie et Fleurs de Bach\"},\"image\":{\"@id\":\"http:\/\/francoisejouneau.fr\/#\/schema\/logo\/image\/\"}}]}<\/script>\n<!-- \/ Yoast SEO plugin. -->","yoast_head_json":{"title":"Mentions l\u00e9gales - Fran\u00e7oise JOUNEAU - R\u00e9flexologie et Fleurs de Bach","robots":{"index":"index","follow":"follow","max-snippet":"max-snippet:-1","max-image-preview":"max-image-preview:large","max-video-preview":"max-video-preview:-1"},"canonical":"https:\/\/francoisejouneau.fr\/index.php\/mentions-legales\/","og_locale":"fr_FR","og_type":"article","og_title":"Mentions l\u00e9gales - Fran\u00e7oise JOUNEAU - R\u00e9flexologie et Fleurs de Bach","og_description":"Statut juridique : Micro EntrepriseSIREN \/ SIRET : 101 767 002 00021 Adresse :324 Impasse du Tucaou 33 760 Saint Pierre de Bat T\u00e9l\u00e9phone : &hellip;","og_url":"https:\/\/francoisejouneau.fr\/index.php\/mentions-legales\/","og_site_name":"Fran\u00e7oise JOUNEAU - R\u00e9flexologie et Fleurs de Bach","article_modified_time":"2026-03-31T12:09:31+00:00","twitter_card":"summary_large_image","twitter_misc":{"Dur\u00e9e de lecture estim\u00e9e":"1 minute"},"schema":{"@context":"https:\/\/schema.org","@graph":[{"@type":"WebPage","@id":"https:\/\/francoisejouneau.fr\/index.php\/mentions-legales\/","url":"https:\/\/francoisejouneau.fr\/index.php\/mentions-legales\/","name":"Mentions l\u00e9gales - Fran\u00e7oise JOUNEAU - R\u00e9flexologie et Fleurs de Bach","isPartOf":{"@id":"http:\/\/francoisejouneau.fr\/#website"},"datePublished":"2026-03-12T10:14:33+00:00","dateModified":"2026-03-31T12:09:31+00:00","breadcrumb":{"@id":"https:\/\/francoisejouneau.fr\/index.php\/mentions-legales\/#breadcrumb"},"inLanguage":"fr-FR","potentialAction":[{"@type":"ReadAction","target":["https:\/\/francoisejouneau.fr\/index.php\/mentions-legales\/"]}]},{"@type":"BreadcrumbList","@id":"https:\/\/francoisejouneau.fr\/index.php\/mentions-legales\/#breadcrumb","itemListElement":[{"@type":"ListItem","position":1,"name":"Accueil","item":"http:\/\/francoisejouneau.fr\/"},{"@type":"ListItem","position":2,"name":"Mentions l\u00e9gales"}]},{"@type":"WebSite","@id":"http:\/\/francoisejouneau.fr\/#website","url":"http:\/\/francoisejouneau.fr\/","name":"Fran\u00e7oise JOUNEAU - R\u00e9flexologie et Fleurs de Bach","description":"R\u00e9flexologue en \u00c9nerg\u00e9tique chinoise Fleurs de Bach en Entre-deux-Mers\/Sud Gironde","publisher":{"@id":"http:\/\/francoisejouneau.fr\/#organization"},"potentialAction":[{"@type":"SearchAction","target":{"@type":"EntryPoint","urlTemplate":"http:\/\/francoisejouneau.fr\/?s={search_term_string}"},"query-input":{"@type":"PropertyValueSpecification","valueRequired":true,"valueName":"search_term_string"}}],"inLanguage":"fr-FR"},{"@type":"Organization","@id":"http:\/\/francoisejouneau.fr\/#organization","name":"Fran\u00e7oise JOUNEAU - R\u00e9flexologie et Fleurs de Bach","url":"http:\/\/francoisejouneau.fr\/","logo":{"@type":"ImageObject","inLanguage":"fr-FR","@id":"http:\/\/francoisejouneau.fr\/#\/schema\/logo\/image\/","url":"https:\/\/francoisejouneau.fr\/wp-content\/uploads\/2026\/03\/cropped-Logo-dessin-PNG-violet-rond-jaune.png","contentUrl":"https:\/\/francoisejouneau.fr\/wp-content\/uploads\/2026\/03\/cropped-Logo-dessin-PNG-violet-rond-jaune.png","width":404,"height":404,"caption":"Fran\u00e7oise JOUNEAU - R\u00e9flexologie et Fleurs de Bach"},"image":{"@id":"http:\/\/francoisejouneau.fr\/#\/schema\/logo\/image\/"}}]}},"_links":{"self":[{"href":"https:\/\/francoisejouneau.fr\/index.php\/wp-json\/wp\/v2\/pages\/487","targetHints":{"allow":["GET"]}}],"collection":[{"href":"https:\/\/francoisejouneau.fr\/index.php\/wp-json\/wp\/v2\/pages"}],"about":[{"href":"https:\/\/francoisejouneau.fr\/index.php\/wp-json\/wp\/v2\/types\/page"}],"author":[{"embeddable":true,"href":"https:\/\/francoisejouneau.fr\/index.php\/wp-json\/wp\/v2\/users\/2"}],"replies":[{"embeddable":true,"href":"https:\/\/francoisejouneau.fr\/index.php\/wp-json\/wp\/v2\/comments?post=487"}],"version-history":[{"count":4,"href":"https:\/\/francoisejouneau.fr\/index.php\/wp-json\/wp\/v2\/pages\/487\/revisions"}],"predecessor-version":[{"id":526,"href":"https:\/\/francoisejouneau.fr\/index.php\/wp-json\/wp\/v2\/pages\/487\/revisions\/526"}],"wp:attachment":[{"href":"https:\/\/francoisejouneau.fr\/index.php\/wp-json\/wp\/v2\/media?parent=487"}],"curies":[{"name":"wp","href":"https:\/\/api.w.org\/{rel}","templated":true}]}}