{"id":189,"date":"2026-03-05T13:32:25","date_gmt":"2026-03-05T12:32:25","guid":{"rendered":"https:\/\/francoisejouneau.fr\/?page_id=189"},"modified":"2026-03-12T11:42:05","modified_gmt":"2026-03-12T10:42:05","slug":"blog-bienfaits-reflexologie-fleurs-de-bach","status":"publish","type":"page","link":"https:\/\/francoisejouneau.fr\/index.php\/blog-bienfaits-reflexologie-fleurs-de-bach\/","title":{"rendered":"BLOG : Bienfaits R\u00e9flexologie Fleurs de Bach"},"content":{"rendered":"\n<p>Sur ce blog, vous trouverez quelques articles sur les <strong>bienfaits<\/strong> de la <a href=\"https:\/\/francoisejouneau.fr\/index.php\/reflexologie-une-approche-naturelle-pour-le-bien-etre\/\"><strong>r\u00e9flexologie<\/strong><\/a> et des<strong> <a href=\"https:\/\/francoisejouneau.fr\/index.php\/les-fleurs-de-bach-une-solution-naturelle-pour-lequilibre-emotionnel\/\">Fleurs de Bach<\/a>.<\/strong> Particuli\u00e8rement pour permettre d&rsquo;approfondir certaines probl\u00e9matiques de sant\u00e9 et l&rsquo;apport de la r\u00e9flexologie et\/ou des Fleurs de Bach. Ainsi sont \u00e0 venir des articles sur le stress et l&rsquo;anxi\u00e9t\u00e9. Mais aussi sur les maladies chroniques. Par ailleurs, certains articles seront en lien avec mes sp\u00e9cialisations. Je vous souhaite une excellente lecture&#8230;<\/p>\n\n\n\n<figure class=\"wp-block-gallery has-nested-images columns-default is-cropped wp-block-gallery-1 is-layout-flex wp-block-gallery-is-layout-flex\">\n<figure class=\"wp-block-image size-medium is-style-rounded\"><img fetchpriority=\"high\" decoding=\"async\" width=\"225\" height=\"300\" data-id=\"378\" src=\"https:\/\/francoisejouneau.fr\/wp-content\/uploads\/2026\/03\/IMG_5286-225x300.jpg\" alt=\"\" class=\"wp-image-378\" style=\"aspect-ratio:3\/2\" srcset=\"https:\/\/francoisejouneau.fr\/wp-content\/uploads\/2026\/03\/IMG_5286-225x300.jpg 225w, https:\/\/francoisejouneau.fr\/wp-content\/uploads\/2026\/03\/IMG_5286-768x1024.jpg 768w, https:\/\/francoisejouneau.fr\/wp-content\/uploads\/2026\/03\/IMG_5286-1152x1536.jpg 1152w, https:\/\/francoisejouneau.fr\/wp-content\/uploads\/2026\/03\/IMG_5286-1536x2048.jpg 1536w, https:\/\/francoisejouneau.fr\/wp-content\/uploads\/2026\/03\/IMG_5286-45x60.jpg 45w, https:\/\/francoisejouneau.fr\/wp-content\/uploads\/2026\/03\/IMG_5286-scaled.jpg 1920w\" sizes=\"(max-width: 225px) 100vw, 225px\" \/><\/figure>\n\n\n\n<figure class=\"wp-block-image size-medium is-style-rounded\"><img decoding=\"async\" width=\"225\" height=\"300\" data-id=\"424\" src=\"https:\/\/francoisejouneau.fr\/wp-content\/uploads\/2026\/03\/IMG_5211-225x300.jpg\" alt=\"\" class=\"wp-image-424\" style=\"aspect-ratio:3\/2\" srcset=\"https:\/\/francoisejouneau.fr\/wp-content\/uploads\/2026\/03\/IMG_5211-225x300.jpg 225w, https:\/\/francoisejouneau.fr\/wp-content\/uploads\/2026\/03\/IMG_5211-768x1024.jpg 768w, https:\/\/francoisejouneau.fr\/wp-content\/uploads\/2026\/03\/IMG_5211-1152x1536.jpg 1152w, https:\/\/francoisejouneau.fr\/wp-content\/uploads\/2026\/03\/IMG_5211-1536x2048.jpg 1536w, https:\/\/francoisejouneau.fr\/wp-content\/uploads\/2026\/03\/IMG_5211-45x60.jpg 45w, https:\/\/francoisejouneau.fr\/wp-content\/uploads\/2026\/03\/IMG_5211-scaled.jpg 1920w\" sizes=\"(max-width: 225px) 100vw, 225px\" \/><\/figure>\n\n\n\n<figure class=\"wp-block-image size-medium is-style-rounded\"><img decoding=\"async\" width=\"300\" height=\"199\" data-id=\"37\" src=\"https:\/\/francoisejouneau.fr\/wp-content\/uploads\/2026\/03\/DSC_0481-modifiee-faciale-300x199.jpg\" alt=\"\" class=\"wp-image-37\" style=\"aspect-ratio:3\/2\" srcset=\"https:\/\/francoisejouneau.fr\/wp-content\/uploads\/2026\/03\/DSC_0481-modifiee-faciale-300x199.jpg 300w, https:\/\/francoisejouneau.fr\/wp-content\/uploads\/2026\/03\/DSC_0481-modifiee-faciale-1024x679.jpg 1024w, https:\/\/francoisejouneau.fr\/wp-content\/uploads\/2026\/03\/DSC_0481-modifiee-faciale-768x509.jpg 768w, https:\/\/francoisejouneau.fr\/wp-content\/uploads\/2026\/03\/DSC_0481-modifiee-faciale-1536x1018.jpg 1536w, https:\/\/francoisejouneau.fr\/wp-content\/uploads\/2026\/03\/DSC_0481-modifiee-faciale-2048x1358.jpg 2048w, https:\/\/francoisejouneau.fr\/wp-content\/uploads\/2026\/03\/DSC_0481-modifiee-faciale-91x60.jpg 91w, https:\/\/francoisejouneau.fr\/wp-content\/uploads\/2026\/03\/DSC_0481-modifiee-faciale-800x530.jpg 800w, https:\/\/francoisejouneau.fr\/wp-content\/uploads\/2026\/03\/DSC_0481-modifiee-faciale-420x280.jpg 420w\" sizes=\"(max-width: 300px) 100vw, 300px\" \/><\/figure>\n<\/figure>\n\n\n\n<div class=\"wp-block-columns is-layout-flex wp-container-core-columns-is-layout-9d6595d7 wp-block-columns-is-layout-flex\">\n<div class=\"wp-block-column is-layout-flow wp-block-column-is-layout-flow\" style=\"flex-basis:33.33%\"><form role=\"search\" method=\"get\" action=\"https:\/\/francoisejouneau.fr\/\" class=\"wp-block-search__button-outside wp-block-search__text-button wp-block-search\"    ><label class=\"wp-block-search__label\" for=\"wp-block-search__input-2\" >Rechercher<\/label><div class=\"wp-block-search__inside-wrapper\" ><input class=\"wp-block-search__input\" id=\"wp-block-search__input-2\" placeholder=\"\" value=\"\" type=\"search\" name=\"s\" required \/><button aria-label=\"Rechercher\" class=\"wp-block-search__button wp-element-button\" type=\"submit\" >Rechercher<\/button><\/div><\/form>\n\n<ul class=\"wp-block-categories-list wp-block-categories\">\t<li class=\"cat-item cat-item-1\"><a href=\"https:\/\/francoisejouneau.fr\/index.php\/category\/fleurs-de-bach\/\">Fleurs de Bach<\/a>\n<\/li>\n\t<li class=\"cat-item cat-item-4\"><a href=\"https:\/\/francoisejouneau.fr\/index.php\/category\/reflexologie\/\">R\u00e9flexologie<\/a>\n<\/li>\n<\/ul><\/div>\n\n\n\n<div class=\"wp-block-column is-layout-flow wp-block-column-is-layout-flow\" style=\"flex-basis:66.66%\"><ul class=\"wp-block-latest-posts__list has-dates wp-block-latest-posts\"><li><div class=\"wp-block-latest-posts__featured-image\"><img loading=\"lazy\" decoding=\"async\" width=\"150\" height=\"150\" src=\"https:\/\/francoisejouneau.fr\/wp-content\/uploads\/2026\/03\/IMG_5288-150x150.jpg\" class=\"attachment-thumbnail size-thumbnail wp-post-image\" alt=\"\" style=\"\" \/><\/div><a class=\"wp-block-latest-posts__post-title\" href=\"https:\/\/francoisejouneau.fr\/index.php\/2026\/03\/12\/stress-chronique\/\">Stress chronique : quand tout devient urgent, m\u00eame le repos<\/a><time datetime=\"2026-03-12T10:19:29+01:00\" class=\"wp-block-latest-posts__post-date\">mars 12, 2026<\/time><\/li>\n<li><a class=\"wp-block-latest-posts__post-title\" href=\"https:\/\/francoisejouneau.fr\/index.php\/2026\/02\/26\/hello-world\/\">Hello world!<\/a><time datetime=\"2026-02-26T12:57:45+01:00\" class=\"wp-block-latest-posts__post-date\">f\u00e9vrier 26, 2026<\/time><\/li>\n<\/ul><\/div>\n<\/div>\n","protected":false},"excerpt":{"rendered":"<p>Sur ce blog, vous trouverez quelques articles sur les bienfaits de la r\u00e9flexologie et des Fleurs de Bach. Particuli\u00e8rement pour permettre d&rsquo;approfondir certaines probl\u00e9matiques de &hellip; <\/p>\n","protected":false},"author":2,"featured_media":0,"parent":0,"menu_order":0,"comment_status":"closed","ping_status":"closed","template":"","meta":{"footnotes":""},"class_list":["post-189","page","type-page","status-publish","hentry","latest_post"],"yoast_head":"<!-- This site is optimized with the Yoast SEO plugin v27.1.1 - https:\/\/yoast.com\/product\/yoast-seo-wordpress\/ -->\n<title>BLOG : Bienfaits R\u00e9flexologie Fleurs de Bach - Fran\u00e7oise JOUNEAU - R\u00e9flexologie et Fleurs de Bach<\/title>\n<meta name=\"description\" content=\"Blog bien-\u00eatre : r\u00e9flexologie, Fleurs de Bach, bienfaits stress, \u00e9motions et accompagnements sp\u00e9cifiques, avec humanit\u00e9 et clart\u00e9.\" \/>\n<meta name=\"robots\" content=\"index, follow, max-snippet:-1, max-image-preview:large, max-video-preview:-1\" \/>\n<link rel=\"canonical\" href=\"https:\/\/francoisejouneau.fr\/index.php\/blog-bienfaits-reflexologie-fleurs-de-bach\/\" \/>\n<meta property=\"og:locale\" content=\"fr_FR\" \/>\n<meta property=\"og:type\" content=\"article\" \/>\n<meta property=\"og:title\" content=\"BLOG : Bienfaits R\u00e9flexologie Fleurs de Bach - Fran\u00e7oise JOUNEAU - R\u00e9flexologie et Fleurs de Bach\" \/>\n<meta property=\"og:description\" content=\"Blog bien-\u00eatre : r\u00e9flexologie, Fleurs de Bach, bienfaits stress, \u00e9motions et accompagnements sp\u00e9cifiques, avec humanit\u00e9 et clart\u00e9.\" \/>\n<meta property=\"og:url\" content=\"https:\/\/francoisejouneau.fr\/index.php\/blog-bienfaits-reflexologie-fleurs-de-bach\/\" \/>\n<meta property=\"og:site_name\" content=\"Fran\u00e7oise JOUNEAU - R\u00e9flexologie et Fleurs de Bach\" \/>\n<meta property=\"article:modified_time\" content=\"2026-03-12T10:42:05+00:00\" \/>\n<meta property=\"og:image\" content=\"https:\/\/francoisejouneau.fr\/wp-content\/uploads\/2026\/03\/IMG_5286-225x300.jpg\" \/>\n<meta name=\"twitter:card\" content=\"summary_large_image\" \/>\n<meta name=\"twitter:label1\" content=\"Dur\u00e9e de lecture estim\u00e9e\" \/>\n\t<meta name=\"twitter:data1\" content=\"1 minute\" \/>\n<script type=\"application\/ld+json\" class=\"yoast-schema-graph\">{\"@context\":\"https:\/\/schema.org\",\"@graph\":[{\"@type\":\"WebPage\",\"@id\":\"https:\/\/francoisejouneau.fr\/index.php\/blog-bienfaits-reflexologie-fleurs-de-bach\/\",\"url\":\"https:\/\/francoisejouneau.fr\/index.php\/blog-bienfaits-reflexologie-fleurs-de-bach\/\",\"name\":\"BLOG : Bienfaits R\u00e9flexologie Fleurs de Bach - Fran\u00e7oise JOUNEAU - R\u00e9flexologie et Fleurs de Bach\",\"isPartOf\":{\"@id\":\"http:\/\/francoisejouneau.fr\/#website\"},\"primaryImageOfPage\":{\"@id\":\"https:\/\/francoisejouneau.fr\/index.php\/blog-bienfaits-reflexologie-fleurs-de-bach\/#primaryimage\"},\"image\":{\"@id\":\"https:\/\/francoisejouneau.fr\/index.php\/blog-bienfaits-reflexologie-fleurs-de-bach\/#primaryimage\"},\"thumbnailUrl\":\"https:\/\/francoisejouneau.fr\/wp-content\/uploads\/2026\/03\/IMG_5286-225x300.jpg\",\"datePublished\":\"2026-03-05T12:32:25+00:00\",\"dateModified\":\"2026-03-12T10:42:05+00:00\",\"description\":\"Blog bien-\u00eatre : r\u00e9flexologie, Fleurs de Bach, bienfaits stress, \u00e9motions et accompagnements sp\u00e9cifiques, avec humanit\u00e9 et clart\u00e9.\",\"breadcrumb\":{\"@id\":\"https:\/\/francoisejouneau.fr\/index.php\/blog-bienfaits-reflexologie-fleurs-de-bach\/#breadcrumb\"},\"inLanguage\":\"fr-FR\",\"potentialAction\":[{\"@type\":\"ReadAction\",\"target\":[\"https:\/\/francoisejouneau.fr\/index.php\/blog-bienfaits-reflexologie-fleurs-de-bach\/\"]}]},{\"@type\":\"ImageObject\",\"inLanguage\":\"fr-FR\",\"@id\":\"https:\/\/francoisejouneau.fr\/index.php\/blog-bienfaits-reflexologie-fleurs-de-bach\/#primaryimage\",\"url\":\"https:\/\/francoisejouneau.fr\/wp-content\/uploads\/2026\/03\/IMG_5286-scaled.jpg\",\"contentUrl\":\"https:\/\/francoisejouneau.fr\/wp-content\/uploads\/2026\/03\/IMG_5286-scaled.jpg\",\"width\":1920,\"height\":2560,\"caption\":\"r\u00e9flexologie plantaire\"},{\"@type\":\"BreadcrumbList\",\"@id\":\"https:\/\/francoisejouneau.fr\/index.php\/blog-bienfaits-reflexologie-fleurs-de-bach\/#breadcrumb\",\"itemListElement\":[{\"@type\":\"ListItem\",\"position\":1,\"name\":\"Accueil\",\"item\":\"http:\/\/francoisejouneau.fr\/\"},{\"@type\":\"ListItem\",\"position\":2,\"name\":\"BLOG : Bienfaits R\u00e9flexologie Fleurs de Bach\"}]},{\"@type\":\"WebSite\",\"@id\":\"http:\/\/francoisejouneau.fr\/#website\",\"url\":\"http:\/\/francoisejouneau.fr\/\",\"name\":\"Fran\u00e7oise JOUNEAU - R\u00e9flexologie et Fleurs de Bach\",\"description\":\"R\u00e9flexologue en \u00c9nerg\u00e9tique chinoise Fleurs de Bach en Entre-deux-Mers\/Sud Gironde\",\"publisher\":{\"@id\":\"http:\/\/francoisejouneau.fr\/#organization\"},\"potentialAction\":[{\"@type\":\"SearchAction\",\"target\":{\"@type\":\"EntryPoint\",\"urlTemplate\":\"http:\/\/francoisejouneau.fr\/?s={search_term_string}\"},\"query-input\":{\"@type\":\"PropertyValueSpecification\",\"valueRequired\":true,\"valueName\":\"search_term_string\"}}],\"inLanguage\":\"fr-FR\"},{\"@type\":\"Organization\",\"@id\":\"http:\/\/francoisejouneau.fr\/#organization\",\"name\":\"Fran\u00e7oise JOUNEAU - R\u00e9flexologie et Fleurs de Bach\",\"url\":\"http:\/\/francoisejouneau.fr\/\",\"logo\":{\"@type\":\"ImageObject\",\"inLanguage\":\"fr-FR\",\"@id\":\"http:\/\/francoisejouneau.fr\/#\/schema\/logo\/image\/\",\"url\":\"https:\/\/francoisejouneau.fr\/wp-content\/uploads\/2026\/03\/cropped-Logo-dessin-PNG-violet-rond-jaune.png\",\"contentUrl\":\"https:\/\/francoisejouneau.fr\/wp-content\/uploads\/2026\/03\/cropped-Logo-dessin-PNG-violet-rond-jaune.png\",\"width\":404,\"height\":404,\"caption\":\"Fran\u00e7oise JOUNEAU - R\u00e9flexologie et Fleurs de Bach\"},\"image\":{\"@id\":\"http:\/\/francoisejouneau.fr\/#\/schema\/logo\/image\/\"}}]}<\/script>\n<!-- \/ Yoast SEO plugin. -->","yoast_head_json":{"title":"BLOG : Bienfaits R\u00e9flexologie Fleurs de Bach - Fran\u00e7oise JOUNEAU - R\u00e9flexologie et Fleurs de Bach","description":"Blog bien-\u00eatre : r\u00e9flexologie, Fleurs de Bach, bienfaits stress, \u00e9motions et accompagnements sp\u00e9cifiques, avec humanit\u00e9 et clart\u00e9.","robots":{"index":"index","follow":"follow","max-snippet":"max-snippet:-1","max-image-preview":"max-image-preview:large","max-video-preview":"max-video-preview:-1"},"canonical":"https:\/\/francoisejouneau.fr\/index.php\/blog-bienfaits-reflexologie-fleurs-de-bach\/","og_locale":"fr_FR","og_type":"article","og_title":"BLOG : Bienfaits R\u00e9flexologie Fleurs de Bach - Fran\u00e7oise JOUNEAU - R\u00e9flexologie et Fleurs de Bach","og_description":"Blog bien-\u00eatre : r\u00e9flexologie, Fleurs de Bach, bienfaits stress, \u00e9motions et accompagnements sp\u00e9cifiques, avec humanit\u00e9 et clart\u00e9.","og_url":"https:\/\/francoisejouneau.fr\/index.php\/blog-bienfaits-reflexologie-fleurs-de-bach\/","og_site_name":"Fran\u00e7oise JOUNEAU - R\u00e9flexologie et Fleurs de Bach","article_modified_time":"2026-03-12T10:42:05+00:00","og_image":[{"url":"https:\/\/francoisejouneau.fr\/wp-content\/uploads\/2026\/03\/IMG_5286-225x300.jpg","type":"","width":"","height":""}],"twitter_card":"summary_large_image","twitter_misc":{"Dur\u00e9e de lecture estim\u00e9e":"1 minute"},"schema":{"@context":"https:\/\/schema.org","@graph":[{"@type":"WebPage","@id":"https:\/\/francoisejouneau.fr\/index.php\/blog-bienfaits-reflexologie-fleurs-de-bach\/","url":"https:\/\/francoisejouneau.fr\/index.php\/blog-bienfaits-reflexologie-fleurs-de-bach\/","name":"BLOG : Bienfaits R\u00e9flexologie Fleurs de Bach - Fran\u00e7oise JOUNEAU - R\u00e9flexologie et Fleurs de Bach","isPartOf":{"@id":"http:\/\/francoisejouneau.fr\/#website"},"primaryImageOfPage":{"@id":"https:\/\/francoisejouneau.fr\/index.php\/blog-bienfaits-reflexologie-fleurs-de-bach\/#primaryimage"},"image":{"@id":"https:\/\/francoisejouneau.fr\/index.php\/blog-bienfaits-reflexologie-fleurs-de-bach\/#primaryimage"},"thumbnailUrl":"https:\/\/francoisejouneau.fr\/wp-content\/uploads\/2026\/03\/IMG_5286-225x300.jpg","datePublished":"2026-03-05T12:32:25+00:00","dateModified":"2026-03-12T10:42:05+00:00","description":"Blog bien-\u00eatre : r\u00e9flexologie, Fleurs de Bach, bienfaits stress, \u00e9motions et accompagnements sp\u00e9cifiques, avec humanit\u00e9 et clart\u00e9.","breadcrumb":{"@id":"https:\/\/francoisejouneau.fr\/index.php\/blog-bienfaits-reflexologie-fleurs-de-bach\/#breadcrumb"},"inLanguage":"fr-FR","potentialAction":[{"@type":"ReadAction","target":["https:\/\/francoisejouneau.fr\/index.php\/blog-bienfaits-reflexologie-fleurs-de-bach\/"]}]},{"@type":"ImageObject","inLanguage":"fr-FR","@id":"https:\/\/francoisejouneau.fr\/index.php\/blog-bienfaits-reflexologie-fleurs-de-bach\/#primaryimage","url":"https:\/\/francoisejouneau.fr\/wp-content\/uploads\/2026\/03\/IMG_5286-scaled.jpg","contentUrl":"https:\/\/francoisejouneau.fr\/wp-content\/uploads\/2026\/03\/IMG_5286-scaled.jpg","width":1920,"height":2560,"caption":"r\u00e9flexologie plantaire"},{"@type":"BreadcrumbList","@id":"https:\/\/francoisejouneau.fr\/index.php\/blog-bienfaits-reflexologie-fleurs-de-bach\/#breadcrumb","itemListElement":[{"@type":"ListItem","position":1,"name":"Accueil","item":"http:\/\/francoisejouneau.fr\/"},{"@type":"ListItem","position":2,"name":"BLOG : Bienfaits R\u00e9flexologie Fleurs de Bach"}]},{"@type":"WebSite","@id":"http:\/\/francoisejouneau.fr\/#website","url":"http:\/\/francoisejouneau.fr\/","name":"Fran\u00e7oise JOUNEAU - R\u00e9flexologie et Fleurs de Bach","description":"R\u00e9flexologue en \u00c9nerg\u00e9tique chinoise Fleurs de Bach en Entre-deux-Mers\/Sud Gironde","publisher":{"@id":"http:\/\/francoisejouneau.fr\/#organization"},"potentialAction":[{"@type":"SearchAction","target":{"@type":"EntryPoint","urlTemplate":"http:\/\/francoisejouneau.fr\/?s={search_term_string}"},"query-input":{"@type":"PropertyValueSpecification","valueRequired":true,"valueName":"search_term_string"}}],"inLanguage":"fr-FR"},{"@type":"Organization","@id":"http:\/\/francoisejouneau.fr\/#organization","name":"Fran\u00e7oise JOUNEAU - R\u00e9flexologie et Fleurs de Bach","url":"http:\/\/francoisejouneau.fr\/","logo":{"@type":"ImageObject","inLanguage":"fr-FR","@id":"http:\/\/francoisejouneau.fr\/#\/schema\/logo\/image\/","url":"https:\/\/francoisejouneau.fr\/wp-content\/uploads\/2026\/03\/cropped-Logo-dessin-PNG-violet-rond-jaune.png","contentUrl":"https:\/\/francoisejouneau.fr\/wp-content\/uploads\/2026\/03\/cropped-Logo-dessin-PNG-violet-rond-jaune.png","width":404,"height":404,"caption":"Fran\u00e7oise JOUNEAU - R\u00e9flexologie et Fleurs de Bach"},"image":{"@id":"http:\/\/francoisejouneau.fr\/#\/schema\/logo\/image\/"}}]}},"_links":{"self":[{"href":"https:\/\/francoisejouneau.fr\/index.php\/wp-json\/wp\/v2\/pages\/189","targetHints":{"allow":["GET"]}}],"collection":[{"href":"https:\/\/francoisejouneau.fr\/index.php\/wp-json\/wp\/v2\/pages"}],"about":[{"href":"https:\/\/francoisejouneau.fr\/index.php\/wp-json\/wp\/v2\/types\/page"}],"author":[{"embeddable":true,"href":"https:\/\/francoisejouneau.fr\/index.php\/wp-json\/wp\/v2\/users\/2"}],"replies":[{"embeddable":true,"href":"https:\/\/francoisejouneau.fr\/index.php\/wp-json\/wp\/v2\/comments?post=189"}],"version-history":[{"count":11,"href":"https:\/\/francoisejouneau.fr\/index.php\/wp-json\/wp\/v2\/pages\/189\/revisions"}],"predecessor-version":[{"id":503,"href":"https:\/\/francoisejouneau.fr\/index.php\/wp-json\/wp\/v2\/pages\/189\/revisions\/503"}],"wp:attachment":[{"href":"https:\/\/francoisejouneau.fr\/index.php\/wp-json\/wp\/v2\/media?parent=189"}],"curies":[{"name":"wp","href":"https:\/\/api.w.org\/{rel}","templated":true}]}}