{"id":109,"date":"2026-03-05T11:25:00","date_gmt":"2026-03-05T10:25:00","guid":{"rendered":"https:\/\/francoisejouneau.fr\/?page_id=109"},"modified":"2026-03-12T11:26:42","modified_gmt":"2026-03-12T10:26:42","slug":"alzheimer-accompagner-les-personnes-atteintes-et-ameliorer-leur-confort-de-vie-grace-a-la-reflexologie","status":"publish","type":"page","link":"https:\/\/francoisejouneau.fr\/index.php\/alzheimer-accompagner-les-personnes-atteintes-et-ameliorer-leur-confort-de-vie-grace-a-la-reflexologie\/","title":{"rendered":"Alzheimer : am\u00e9liorer le confort de vie avec la r\u00e9flexologie"},"content":{"rendered":"<div class=\"wp-block-image is-style-rounded\">\n<figure class=\"aligncenter size-large is-resized\"><img fetchpriority=\"high\" decoding=\"async\" width=\"1024\" height=\"679\" src=\"http:\/\/francoisejouneau.fr\/wp-content\/uploads\/2026\/03\/DSC_0453-modifiee-reflexo-1024x679.jpg\" alt=\"\" class=\"wp-image-39\" style=\"aspect-ratio:1.5081448679424323;width:451px;height:auto\" srcset=\"https:\/\/francoisejouneau.fr\/wp-content\/uploads\/2026\/03\/DSC_0453-modifiee-reflexo-1024x679.jpg 1024w, https:\/\/francoisejouneau.fr\/wp-content\/uploads\/2026\/03\/DSC_0453-modifiee-reflexo-300x199.jpg 300w, https:\/\/francoisejouneau.fr\/wp-content\/uploads\/2026\/03\/DSC_0453-modifiee-reflexo-768x509.jpg 768w, https:\/\/francoisejouneau.fr\/wp-content\/uploads\/2026\/03\/DSC_0453-modifiee-reflexo-1536x1018.jpg 1536w, https:\/\/francoisejouneau.fr\/wp-content\/uploads\/2026\/03\/DSC_0453-modifiee-reflexo-2048x1358.jpg 2048w, https:\/\/francoisejouneau.fr\/wp-content\/uploads\/2026\/03\/DSC_0453-modifiee-reflexo-91x60.jpg 91w, https:\/\/francoisejouneau.fr\/wp-content\/uploads\/2026\/03\/DSC_0453-modifiee-reflexo-800x530.jpg 800w\" sizes=\"(max-width: 1024px) 100vw, 1024px\" \/><\/figure>\n<\/div>\n\n\n<p class=\"has-text-align-center\">La <strong>r\u00e9flexologie<\/strong> peut accompagner le <strong>confort de vie<\/strong> des personnes atteinte de la maladie d&rsquo;<strong>Alzheimer<\/strong>. <\/p>\n\n\n\n<p>La <strong>maladie d&rsquo;Alzheimer<\/strong> est une <strong>pathologie neurod\u00e9g\u00e9n\u00e9rative<\/strong> de la <strong>m\u00e9moire, des capacit\u00e9s cognitives, de l&rsquo;orientation et du comportement<\/strong>.<br>Elle fait partie des <strong>d\u00e9mences<\/strong> et \u00e9volue lentement et s&rsquo;aggrave au fils du temps en <strong>impactant les t\u00e2ches quotidiennes<\/strong>.<\/p>\n\n\n\n<h2 class=\"wp-block-heading\">Les 10 signes et sympt\u00f4mes les plus courants<\/h2>\n\n\n\n<p><strong>Perte de m\u00e9moire<\/strong> affecte la vie quotidienne<br><strong>Difficult\u00e9s \u00e0 planifier et \u00e0 se concentrer.<br>Probl\u00e8mes dans l&rsquo;ex\u00e9cution des t\u00e2ches habituelles.<br>Confusion spatio-temporelle (perte de rep\u00e8res dans le lieu et le temps).<br>Difficult\u00e9s visuelles et spatiales.<br>Troubles du langage (expression orale et \u00e9crite).<br>D\u00e9sorientation et difficult\u00e9 \u00e0 retrouver son chemin.<br>Jugement alt\u00e9r\u00e9 dans les d\u00e9cisions quotidiennes.<br>Retrait social, diminution des activit\u00e9s de loisirs et sportives.<br>Changements d&rsquo;humeur et de personnalit\u00e9.<\/strong><\/p>\n\n\n\n<h2 class=\"wp-block-heading\">Le diagnostic de la maladie d&rsquo;Alzheimer<\/h2>\n\n\n\n<p>Le diagnostic pr\u00e9coce est <strong>complexe<\/strong>, mais les trois crit\u00e8res fondamentaux lors d&rsquo;un examen clinique sont&nbsp;:<br>\u2705 <strong>Trouble du langage <\/strong>: difficult\u00e9 dans le langage spontan\u00e9<br>\u2705 <strong>D\u00e9sorientation temporelle<\/strong> : date, jour semaine<br>\u2705<strong>D\u00e9ficit m\u00e9sique <\/strong>: incapacit\u00e9 de retenir 3 mots apr\u00e8s l&rsquo;ex\u00e9cution d&rsquo;une t\u00e2che interf\u00e9rente<\/p>\n\n\n\n<p><em>Seul un m\u00e9decin habilit\u00e9 peut poser un diagnostic<\/em>. <\/p>\n\n\n\n<h2 class=\"wp-block-heading\">Apports de la R\u00e9flexologie pour un Meilleur Confort de Vie<\/h2>\n\n\n\n<p>La <strong>r\u00e9flexologie<\/strong> ne gu\u00e9rit pas mais peut <strong>apporter un bien-\u00eatre et un apaisement<\/strong> aux personnes atteintes de cette maladie.<br><strong>Diminution du stress et de l&rsquo;anxi\u00e9t\u00e9.<br>Am\u00e9lioration du sommeil et de la d\u00e9tente musculaire.<br>Stimulation des fonctions cognitives et sensorielles.<br>Favorise la d\u00e9tente et le bien-\u00eatre g\u00e9n\u00e9ral.<\/strong><br>\u26a0\ufe0f <strong>Ce soin est compl\u00e9mentaire<\/strong> au suivi m\u00e9dical classique et NE S&rsquo;Y SUBSTITUT PAS.<br>C&rsquo;est <strong>un mieux-\u00eatre au quotidien<\/strong>.<\/p>\n\n\n\n<h2 class=\"wp-block-heading\">Prenez rendez-vous pour un accompagnement bienveillant<\/h2>\n\n\n\n<p>Vous avez des questions ? Vous souhaitez offrir un <strong>moment de d\u00e9tente et de confort<\/strong> \u00e0 un proche atteint de cette maladie.<br><strong>Contactez-moi d\u00e8s aujourd&rsquo;hui<\/strong> pour en discuter, poser vos questions en toute bienveillance et transparence ou prendre rendez-vous.<\/p>\n\n\n\n<p><strong>Au plaisir de vous rencontrer et de prendre soin de vous !<\/strong><\/p>\n\n\n\n<div class=\"wp-block-buttons is-content-justification-center is-layout-flex wp-container-core-buttons-is-layout-16018d1d wp-block-buttons-is-layout-flex\">\n<div class=\"wp-block-button\"><a class=\"wp-block-button__link has-background wp-element-button\" href=\"https:\/\/francoisejouneau.fr\/index.php\/contact\/\" style=\"background-color:#9b4966\">Contactez-moi<\/a><\/div>\n\n\n\n<div class=\"wp-block-button\"><a class=\"wp-block-button__link has-background wp-element-button\" href=\"https:\/\/francoisejouneau.fr\/index.php\/agenda-rendez-vous-calendly\/\" style=\"background-color:#9b4966\">Prendre Rendez-vous<\/a><\/div>\n<\/div>\n\n\n\n<p><\/p>\n","protected":false},"excerpt":{"rendered":"<p>La r\u00e9flexologie peut accompagner le confort de vie des personnes atteinte de la maladie d&rsquo;Alzheimer. La maladie d&rsquo;Alzheimer est une pathologie neurod\u00e9g\u00e9n\u00e9rative de la m\u00e9moire, &hellip; <\/p>\n","protected":false},"author":2,"featured_media":0,"parent":0,"menu_order":0,"comment_status":"closed","ping_status":"closed","template":"","meta":{"footnotes":""},"class_list":["post-109","page","type-page","status-publish","hentry","latest_post"],"yoast_head":"<!-- This site is optimized with the Yoast SEO plugin v27.1.1 - https:\/\/yoast.com\/product\/yoast-seo-wordpress\/ -->\n<title>Alzheimer : am\u00e9liorer le confort de vie avec la r\u00e9flexologie - Fran\u00e7oise JOUNEAU - R\u00e9flexologie et Fleurs de Bach<\/title>\n<meta name=\"description\" content=\"R\u00e9flexologie et Fleurs de Bach pour accompagner Alzheimer. Soutien du bien-\u00eatre, de l\u2019apaisement et de la relation.\" \/>\n<meta name=\"robots\" content=\"index, follow, max-snippet:-1, max-image-preview:large, max-video-preview:-1\" \/>\n<link rel=\"canonical\" href=\"https:\/\/francoisejouneau.fr\/index.php\/alzheimer-accompagner-les-personnes-atteintes-et-ameliorer-leur-confort-de-vie-grace-a-la-reflexologie\/\" \/>\n<meta property=\"og:locale\" content=\"fr_FR\" \/>\n<meta property=\"og:type\" content=\"article\" \/>\n<meta property=\"og:title\" content=\"Alzheimer : am\u00e9liorer le confort de vie avec la r\u00e9flexologie - Fran\u00e7oise JOUNEAU - R\u00e9flexologie et Fleurs de Bach\" \/>\n<meta property=\"og:description\" content=\"R\u00e9flexologie et Fleurs de Bach pour accompagner Alzheimer. Soutien du bien-\u00eatre, de l\u2019apaisement et de la relation.\" \/>\n<meta property=\"og:url\" content=\"https:\/\/francoisejouneau.fr\/index.php\/alzheimer-accompagner-les-personnes-atteintes-et-ameliorer-leur-confort-de-vie-grace-a-la-reflexologie\/\" \/>\n<meta property=\"og:site_name\" content=\"Fran\u00e7oise JOUNEAU - R\u00e9flexologie et Fleurs de Bach\" \/>\n<meta property=\"article:modified_time\" content=\"2026-03-12T10:26:42+00:00\" \/>\n<meta property=\"og:image\" content=\"http:\/\/francoisejouneau.fr\/wp-content\/uploads\/2026\/03\/DSC_0453-modifiee-reflexo-1024x679.jpg\" \/>\n<meta name=\"twitter:card\" content=\"summary_large_image\" \/>\n<meta name=\"twitter:label1\" content=\"Dur\u00e9e de lecture estim\u00e9e\" \/>\n\t<meta name=\"twitter:data1\" content=\"2 minutes\" \/>\n<script type=\"application\/ld+json\" class=\"yoast-schema-graph\">{\"@context\":\"https:\/\/schema.org\",\"@graph\":[{\"@type\":\"WebPage\",\"@id\":\"https:\/\/francoisejouneau.fr\/index.php\/alzheimer-accompagner-les-personnes-atteintes-et-ameliorer-leur-confort-de-vie-grace-a-la-reflexologie\/\",\"url\":\"https:\/\/francoisejouneau.fr\/index.php\/alzheimer-accompagner-les-personnes-atteintes-et-ameliorer-leur-confort-de-vie-grace-a-la-reflexologie\/\",\"name\":\"Alzheimer : am\u00e9liorer le confort de vie avec la r\u00e9flexologie - Fran\u00e7oise JOUNEAU - R\u00e9flexologie et Fleurs de Bach\",\"isPartOf\":{\"@id\":\"https:\/\/francoisejouneau.fr\/#website\"},\"primaryImageOfPage\":{\"@id\":\"https:\/\/francoisejouneau.fr\/index.php\/alzheimer-accompagner-les-personnes-atteintes-et-ameliorer-leur-confort-de-vie-grace-a-la-reflexologie\/#primaryimage\"},\"image\":{\"@id\":\"https:\/\/francoisejouneau.fr\/index.php\/alzheimer-accompagner-les-personnes-atteintes-et-ameliorer-leur-confort-de-vie-grace-a-la-reflexologie\/#primaryimage\"},\"thumbnailUrl\":\"http:\/\/francoisejouneau.fr\/wp-content\/uploads\/2026\/03\/DSC_0453-modifiee-reflexo-1024x679.jpg\",\"datePublished\":\"2026-03-05T10:25:00+00:00\",\"dateModified\":\"2026-03-12T10:26:42+00:00\",\"description\":\"R\u00e9flexologie et Fleurs de Bach pour accompagner Alzheimer. Soutien du bien-\u00eatre, de l\u2019apaisement et de la relation.\",\"breadcrumb\":{\"@id\":\"https:\/\/francoisejouneau.fr\/index.php\/alzheimer-accompagner-les-personnes-atteintes-et-ameliorer-leur-confort-de-vie-grace-a-la-reflexologie\/#breadcrumb\"},\"inLanguage\":\"fr-FR\",\"potentialAction\":[{\"@type\":\"ReadAction\",\"target\":[\"https:\/\/francoisejouneau.fr\/index.php\/alzheimer-accompagner-les-personnes-atteintes-et-ameliorer-leur-confort-de-vie-grace-a-la-reflexologie\/\"]}]},{\"@type\":\"ImageObject\",\"inLanguage\":\"fr-FR\",\"@id\":\"https:\/\/francoisejouneau.fr\/index.php\/alzheimer-accompagner-les-personnes-atteintes-et-ameliorer-leur-confort-de-vie-grace-a-la-reflexologie\/#primaryimage\",\"url\":\"https:\/\/francoisejouneau.fr\/wp-content\/uploads\/2026\/03\/DSC_0453-modifiee-reflexo-scaled.jpg\",\"contentUrl\":\"https:\/\/francoisejouneau.fr\/wp-content\/uploads\/2026\/03\/DSC_0453-modifiee-reflexo-scaled.jpg\",\"width\":2560,\"height\":1697},{\"@type\":\"BreadcrumbList\",\"@id\":\"https:\/\/francoisejouneau.fr\/index.php\/alzheimer-accompagner-les-personnes-atteintes-et-ameliorer-leur-confort-de-vie-grace-a-la-reflexologie\/#breadcrumb\",\"itemListElement\":[{\"@type\":\"ListItem\",\"position\":1,\"name\":\"Accueil\",\"item\":\"https:\/\/francoisejouneau.fr\/\"},{\"@type\":\"ListItem\",\"position\":2,\"name\":\"Alzheimer : am\u00e9liorer le confort de vie avec la r\u00e9flexologie\"}]},{\"@type\":\"WebSite\",\"@id\":\"https:\/\/francoisejouneau.fr\/#website\",\"url\":\"https:\/\/francoisejouneau.fr\/\",\"name\":\"Fran\u00e7oise JOUNEAU - R\u00e9flexologie et Fleurs de Bach\",\"description\":\"R\u00e9flexologue en \u00c9nerg\u00e9tique chinoise Fleurs de Bach en Entre-deux-Mers\/Sud Gironde\",\"publisher\":{\"@id\":\"https:\/\/francoisejouneau.fr\/#organization\"},\"potentialAction\":[{\"@type\":\"SearchAction\",\"target\":{\"@type\":\"EntryPoint\",\"urlTemplate\":\"https:\/\/francoisejouneau.fr\/?s={search_term_string}\"},\"query-input\":{\"@type\":\"PropertyValueSpecification\",\"valueRequired\":true,\"valueName\":\"search_term_string\"}}],\"inLanguage\":\"fr-FR\"},{\"@type\":\"Organization\",\"@id\":\"https:\/\/francoisejouneau.fr\/#organization\",\"name\":\"Fran\u00e7oise JOUNEAU - R\u00e9flexologie et Fleurs de Bach\",\"url\":\"https:\/\/francoisejouneau.fr\/\",\"logo\":{\"@type\":\"ImageObject\",\"inLanguage\":\"fr-FR\",\"@id\":\"https:\/\/francoisejouneau.fr\/#\/schema\/logo\/image\/\",\"url\":\"https:\/\/francoisejouneau.fr\/wp-content\/uploads\/2026\/03\/cropped-Logo-dessin-PNG-violet-rond-jaune.png\",\"contentUrl\":\"https:\/\/francoisejouneau.fr\/wp-content\/uploads\/2026\/03\/cropped-Logo-dessin-PNG-violet-rond-jaune.png\",\"width\":404,\"height\":404,\"caption\":\"Fran\u00e7oise JOUNEAU - R\u00e9flexologie et Fleurs de Bach\"},\"image\":{\"@id\":\"https:\/\/francoisejouneau.fr\/#\/schema\/logo\/image\/\"}}]}<\/script>\n<!-- \/ Yoast SEO plugin. -->","yoast_head_json":{"title":"Alzheimer : am\u00e9liorer le confort de vie avec la r\u00e9flexologie - Fran\u00e7oise JOUNEAU - R\u00e9flexologie et Fleurs de Bach","description":"R\u00e9flexologie et Fleurs de Bach pour accompagner Alzheimer. Soutien du bien-\u00eatre, de l\u2019apaisement et de la relation.","robots":{"index":"index","follow":"follow","max-snippet":"max-snippet:-1","max-image-preview":"max-image-preview:large","max-video-preview":"max-video-preview:-1"},"canonical":"https:\/\/francoisejouneau.fr\/index.php\/alzheimer-accompagner-les-personnes-atteintes-et-ameliorer-leur-confort-de-vie-grace-a-la-reflexologie\/","og_locale":"fr_FR","og_type":"article","og_title":"Alzheimer : am\u00e9liorer le confort de vie avec la r\u00e9flexologie - Fran\u00e7oise JOUNEAU - R\u00e9flexologie et Fleurs de Bach","og_description":"R\u00e9flexologie et Fleurs de Bach pour accompagner Alzheimer. Soutien du bien-\u00eatre, de l\u2019apaisement et de la relation.","og_url":"https:\/\/francoisejouneau.fr\/index.php\/alzheimer-accompagner-les-personnes-atteintes-et-ameliorer-leur-confort-de-vie-grace-a-la-reflexologie\/","og_site_name":"Fran\u00e7oise JOUNEAU - R\u00e9flexologie et Fleurs de Bach","article_modified_time":"2026-03-12T10:26:42+00:00","og_image":[{"url":"http:\/\/francoisejouneau.fr\/wp-content\/uploads\/2026\/03\/DSC_0453-modifiee-reflexo-1024x679.jpg","type":"","width":"","height":""}],"twitter_card":"summary_large_image","twitter_misc":{"Dur\u00e9e de lecture estim\u00e9e":"2 minutes"},"schema":{"@context":"https:\/\/schema.org","@graph":[{"@type":"WebPage","@id":"https:\/\/francoisejouneau.fr\/index.php\/alzheimer-accompagner-les-personnes-atteintes-et-ameliorer-leur-confort-de-vie-grace-a-la-reflexologie\/","url":"https:\/\/francoisejouneau.fr\/index.php\/alzheimer-accompagner-les-personnes-atteintes-et-ameliorer-leur-confort-de-vie-grace-a-la-reflexologie\/","name":"Alzheimer : am\u00e9liorer le confort de vie avec la r\u00e9flexologie - Fran\u00e7oise JOUNEAU - R\u00e9flexologie et Fleurs de Bach","isPartOf":{"@id":"https:\/\/francoisejouneau.fr\/#website"},"primaryImageOfPage":{"@id":"https:\/\/francoisejouneau.fr\/index.php\/alzheimer-accompagner-les-personnes-atteintes-et-ameliorer-leur-confort-de-vie-grace-a-la-reflexologie\/#primaryimage"},"image":{"@id":"https:\/\/francoisejouneau.fr\/index.php\/alzheimer-accompagner-les-personnes-atteintes-et-ameliorer-leur-confort-de-vie-grace-a-la-reflexologie\/#primaryimage"},"thumbnailUrl":"http:\/\/francoisejouneau.fr\/wp-content\/uploads\/2026\/03\/DSC_0453-modifiee-reflexo-1024x679.jpg","datePublished":"2026-03-05T10:25:00+00:00","dateModified":"2026-03-12T10:26:42+00:00","description":"R\u00e9flexologie et Fleurs de Bach pour accompagner Alzheimer. Soutien du bien-\u00eatre, de l\u2019apaisement et de la relation.","breadcrumb":{"@id":"https:\/\/francoisejouneau.fr\/index.php\/alzheimer-accompagner-les-personnes-atteintes-et-ameliorer-leur-confort-de-vie-grace-a-la-reflexologie\/#breadcrumb"},"inLanguage":"fr-FR","potentialAction":[{"@type":"ReadAction","target":["https:\/\/francoisejouneau.fr\/index.php\/alzheimer-accompagner-les-personnes-atteintes-et-ameliorer-leur-confort-de-vie-grace-a-la-reflexologie\/"]}]},{"@type":"ImageObject","inLanguage":"fr-FR","@id":"https:\/\/francoisejouneau.fr\/index.php\/alzheimer-accompagner-les-personnes-atteintes-et-ameliorer-leur-confort-de-vie-grace-a-la-reflexologie\/#primaryimage","url":"https:\/\/francoisejouneau.fr\/wp-content\/uploads\/2026\/03\/DSC_0453-modifiee-reflexo-scaled.jpg","contentUrl":"https:\/\/francoisejouneau.fr\/wp-content\/uploads\/2026\/03\/DSC_0453-modifiee-reflexo-scaled.jpg","width":2560,"height":1697},{"@type":"BreadcrumbList","@id":"https:\/\/francoisejouneau.fr\/index.php\/alzheimer-accompagner-les-personnes-atteintes-et-ameliorer-leur-confort-de-vie-grace-a-la-reflexologie\/#breadcrumb","itemListElement":[{"@type":"ListItem","position":1,"name":"Accueil","item":"https:\/\/francoisejouneau.fr\/"},{"@type":"ListItem","position":2,"name":"Alzheimer : am\u00e9liorer le confort de vie avec la r\u00e9flexologie"}]},{"@type":"WebSite","@id":"https:\/\/francoisejouneau.fr\/#website","url":"https:\/\/francoisejouneau.fr\/","name":"Fran\u00e7oise JOUNEAU - R\u00e9flexologie et Fleurs de Bach","description":"R\u00e9flexologue en \u00c9nerg\u00e9tique chinoise Fleurs de Bach en Entre-deux-Mers\/Sud Gironde","publisher":{"@id":"https:\/\/francoisejouneau.fr\/#organization"},"potentialAction":[{"@type":"SearchAction","target":{"@type":"EntryPoint","urlTemplate":"https:\/\/francoisejouneau.fr\/?s={search_term_string}"},"query-input":{"@type":"PropertyValueSpecification","valueRequired":true,"valueName":"search_term_string"}}],"inLanguage":"fr-FR"},{"@type":"Organization","@id":"https:\/\/francoisejouneau.fr\/#organization","name":"Fran\u00e7oise JOUNEAU - R\u00e9flexologie et Fleurs de Bach","url":"https:\/\/francoisejouneau.fr\/","logo":{"@type":"ImageObject","inLanguage":"fr-FR","@id":"https:\/\/francoisejouneau.fr\/#\/schema\/logo\/image\/","url":"https:\/\/francoisejouneau.fr\/wp-content\/uploads\/2026\/03\/cropped-Logo-dessin-PNG-violet-rond-jaune.png","contentUrl":"https:\/\/francoisejouneau.fr\/wp-content\/uploads\/2026\/03\/cropped-Logo-dessin-PNG-violet-rond-jaune.png","width":404,"height":404,"caption":"Fran\u00e7oise JOUNEAU - R\u00e9flexologie et Fleurs de Bach"},"image":{"@id":"https:\/\/francoisejouneau.fr\/#\/schema\/logo\/image\/"}}]}},"_links":{"self":[{"href":"https:\/\/francoisejouneau.fr\/index.php\/wp-json\/wp\/v2\/pages\/109","targetHints":{"allow":["GET"]}}],"collection":[{"href":"https:\/\/francoisejouneau.fr\/index.php\/wp-json\/wp\/v2\/pages"}],"about":[{"href":"https:\/\/francoisejouneau.fr\/index.php\/wp-json\/wp\/v2\/types\/page"}],"author":[{"embeddable":true,"href":"https:\/\/francoisejouneau.fr\/index.php\/wp-json\/wp\/v2\/users\/2"}],"replies":[{"embeddable":true,"href":"https:\/\/francoisejouneau.fr\/index.php\/wp-json\/wp\/v2\/comments?post=109"}],"version-history":[{"count":10,"href":"https:\/\/francoisejouneau.fr\/index.php\/wp-json\/wp\/v2\/pages\/109\/revisions"}],"predecessor-version":[{"id":494,"href":"https:\/\/francoisejouneau.fr\/index.php\/wp-json\/wp\/v2\/pages\/109\/revisions\/494"}],"wp:attachment":[{"href":"https:\/\/francoisejouneau.fr\/index.php\/wp-json\/wp\/v2\/media?parent=109"}],"curies":[{"name":"wp","href":"https:\/\/api.w.org\/{rel}","templated":true}]}}